he greatest common factor of 107 and 17869?
107
What is the greatest common divisor of 22518 and 81?
81
What is the highest common factor of 93 and 24?
3
What is the highest common factor of 702 and 39?
39
What is the greatest common divisor of 23 and 5359?
23
What is the greatest common factor of 1998 and 1554?
222
What is the highest common factor of 243 and 81?
81
Calculate the highest common divisor of 6 and 26.
2
Calculate the greatest common divisor of 186 and 744.
186
Calculate the highest common factor of 396 and 72.
36
What is the greatest common divisor of 52 and 364?
52
Calculate the highest common divisor of 15 and 25.
5
Calculate the highest common divisor of 280 and 105.
35
What is the greatest common factor of 6 and 882?
6
Calculate the highest common factor of 68 and 3332.
68
Calculate the highest common divisor of 155 and 18.
1
Calculate the highest common divisor of 19795 and 555.
185
What is the highest common divisor of 20 and 20?
20
Calculate the greatest common divisor of 29 and 116.
29
Calculate the highest common factor of 4761 and 966.
69
Calculate the highest common factor of 13 and 26.
13
What is the highest common factor of 77 and 5?
1
What is the greatest common factor of 275 and 220?
55
Calculate the highest common factor of 54 and 210.
6
What is the highest common divisor of 126 and 147?
21
Calculate the highest common factor of 1334 and 782.
46
What is the highest common divisor of 24 and 200?
8
Calculate the highest common factor of 129 and 94041.
129
What is the greatest common factor of 470 and 10?
10
Calculate the highest common factor of 1512 and 2.
2
What is the highest common factor of 1945 and 15?
5
What is the greatest common divisor of 301 and 2021?
43
Calculate the greatest common factor of 54 and 4806.
54
What is the highest common divisor of 10 and 370?
10
Calculate the highest common factor of 68 and 2278.
34
Calculate the highest common factor of 16016 and 91.
91
What is the highest common divisor of 95 and 3?
1
Calculate the greatest common divisor of 28 and 644.
28
What is the highest common divisor of 348 and 300?
12
Calculate the greatest common factor of 756 and 105.
21
Calculate the greatest common divisor of 2850 and 125.
25
Calculate the greatest common divisor of 790 and 470.
10
What is the highest common factor of 13640 and 88?
88
Calculate the highest common factor of 1160 and 440.
40
What is the highest common factor of 75 and 360?
15
Calculate the highest common factor of 540 and 60.
60
What is the highest common divisor of 15 and 9489?
3
Calculate the greatest common factor of 8745 and 33.
33
Calculate the highest common divisor of 3151 and 69.
23
What is the highest common divisor of 84 and 861?
21
Calculate the highest common factor of 6 and 582.
6
What is the highest common divisor of 145 and 87?
29
Calculate the greatest common divisor of 15638 and 14.
14
Calculate the highest common factor of 26643 and 166.
83
What is the highest common divisor of 8062 and 58?
58
What is the highest common divisor of 74 and 2405?
37
What is the greatest common divisor of 18 and 999?
9
Calculate the greatest common divisor of 99 and 341.
11
What is the highest common factor of 460 and 180?
20
Calculate the highest common factor of 152 and 24.
8
What is the highest common factor of 3315 and 975?
195
Calculate the highest common factor of 2184 and 126.
42
Calculate the greatest common factor of 221 and 1261.
13
What is the highest common factor of 48 and 6?
6
What is the greatest common divisor of 26244 and 108?
108
Calculate the highest common factor of 245 and 105.
35
What is the highest common divisor of 13 and 637?
13
What is the greatest common factor of 33 and 55?
11
Calculate the greatest common factor of 655 and 5.
5
Calculate the greatest common divisor of 51 and 12.
3
What is the greatest common divisor of 176 and 6424?
88
Calculate the highest common divisor of 752 and 47.
47
Calculate the greatest common divisor of 18 and 30060.
18
What is the highest common divisor of 4185 and 155?
155
What is the highest common divisor of 3514 and 7?
7
What is the highest common divisor of 837 and 27?
27
What is the greatest common divisor of 184 and 16?
8
What is the greatest common factor of 138 and 12?
6
What is the highest common divisor of 630 and 2142?
126
Calculate the highest common divisor of 98 and 154.
14
What is the greatest common factor of 117 and 45?
9
Calculate the greatest common divisor of 1 and 109.
1
What is the greatest common factor of 14 and 8?
2
Calculate the greatest common factor of 693 and 11.
11
Calculate the greatest common factor of 10348 and 104.
52
Calculate the greatest common divisor of 49 and 4676.
7
Calculate the greatest common factor of 96 and 36.
12
Calculate the highest common factor of 1957 and 103.
103
What is the greatest common divisor of 19 and 323?
19
Calculate the greatest common factor of 266 and 41762.
266
Calculate the highest common factor of 380 and 12.
4
What is the greatest common divisor of 642 and 30?
6
What is the greatest common factor of 78 and 1638?
78
Calculate the greatest common factor of 960 and 144.
48
What is the highest common divisor of 506 and 110?
22
What is the highest common factor of 5 and 245?
5
Calculate the greatest common divisor of 5049 and 2673.
297
Calculate the greatest common factor of 325 and 39.
13
What is the greatest common divisor of 806 and 234?
26
What is the highest common divisor of 1272 and 72?
24
What is the highest common factor of 132 and 1023?
33
Calculate the highest common factor of 1176 and 12054.
294
What is the greatest common divisor of 130 and 85?
5
What is the highest common factor of 35 and 1435?
35
Calculate the highest common factor of 1083 and 57.
57
What is the greatest common divisor of 100 and 225?
25
Calculate the highest common factor of 20 and 6620.
20
Calculate the greatest common divisor of 520 and 78.
26
Calculate the highest common factor of 121 and 55.
11
Calculate the greatest common divisor of 25 and 10.
5
What is the highest common divisor of 391 and 138?
23
What is the greatest common factor of 12 and 12?
12
Calculate the highest common factor of 198 and 462.
66
What is the greatest common divisor of 19 and 8987?
19
What is the greatest common factor of 69 and 368?
23
Calculate the highest common factor of 14 and 2.
2
What is the greatest common factor of 2787 and 3?
3
Calculate the highest common factor of 25 and 5.
5
Calculate the highest common divisor of 553 and 14.
7
Calculate the greatest common divisor of 4515 and 735.
105
Calculate the greatest common factor of 759 and 69.
69
What is the greatest common divisor of 108 and 216?
108
What is the greatest common factor of 126 and 72?
18
What is the highest common factor of 30 and 69?
3
What is the greatest common factor of 2852 and 276?
92
What is the greatest common divisor of 7780 and 60?
20
What is the highest common factor of 17 and 425?
17
Calculate the highest common divisor of 510 and 2670.
30
What is the greatest common divisor of 854 and 126?
14
What is the greatest common divisor of 8 and 9876?
4
Calculate the greatest common divisor of 40 and 380.
20
Calculate the highest common factor of 432 and 36.
36
Calculate the greatest common divisor of 13 and 377.
13
What is the highest common divisor of 234 and 27?
9
Calculate the highest common factor of 15 and 6495.
15
Calculate the greatest common factor of 147 and 84.
21
What is the highest common divisor of 57 and 95?
19
Calculate the greatest common factor of 42 and 3801.
21
What is the greatest common factor of 60 and 2120?
20
Calculate the highest common factor of 25308 and 114.
114
Calculate the highest common factor of 112 and 10402.
14
Calculate the highest common divisor of 2193 and 258.
129
What is the greatest common divisor of 602 and 42?
14
Calculate the highest common divisor of 9 and 243.
9
What is the greatest common divisor of 189 and 28?
7
What is the highest common factor of 240 and 1640?
40
Calculate the greatest common divisor of 5140 and 20.
20
What is the greatest common divisor of 30783 and 93?
93
What is the highest common divisor of 679 and 14?
7
What is the highest common factor of 1209 and 312?
39
Calculate the highest common divisor of 1